*3 + 2*j**2 - 1. Give s(1).
-6
Let m(x) = -x**2 - 4*x + 8. Give m(-5).
3
Let p(y) = y**3 - 46*y**2 + 5*y - 231. Calculate p(46).
-1
Let o(x) = 8*x - 21. Calculate o(3).
3
Let a(y) = 17*y**2 + 10*y - 2. Give a(-2).
46
Let v(k) = 3*k**3 - k**2 - k - 2. Give v(2).
16
Let y(v) = 7*v**3 - v**2 + v - 1. Give y(1).
6
Let m(b) = 29*b + 257. Calculate m(-9).
-4
Let r(h) = h**2 - 42*h - 141. Calculate r(45).
-6
Let b(n) = -n + 2. Give b(-2).
4
Let t(i) = -i**2 - 8*i + 212. Determine t(-19).
3
Let g(t) = -t**3 + 4*t**2 + 9*t + 17. Give g(5).
37
Let z(y) = 2*y**3 + 12*y**2 + 7*y - 10. What is z(-5)?
5
Let s(q) = 18*q**2 - 2*q + 1. Determine s(1).
17
Let x(n) = -n**3 - 15*n**2 + 17*n + 13. Calculate x(-16).
-3
Let f(p) = p**2 + 12*p - 12. Determine f(-14).
16
Let y(s) = -s - 5. Calculate y(3).
-8
Let c(w) = -w**2 - 3*w + 9. Calculate c(-6).
-9
Let s(x) = -x**3 + 4*x**2 + 4*x - 23. Determine s(3).
-2
Let w(t) = -t**3 - 25*t**2 + 2*t + 46. Give w(-25).
-4
Let r(j) = -j**3 - 11*j**2 + 25*j - 29. Calculate r(-13).
-16
Let i(l) = -l**3 + 7*l**2 - 2*l + 10. Give i(6).
34
Let b(d) = d**2 - 32*d + 109. Determine b(28).
-3
Let t(f) = 3*f - 9. Calculate t(11).
24
Let s(t) = -2*t**2 + 10*t + 43. What is s(-3)?
-5
Let w(t) = 2*t**2 - 4*t - 72. Determine w(7).
-2
Let y(x) = -x - 6. What is y(-4)?
-2
Let c(m) = -35*m + 1. What is c(1)?
-34
Let h(f) = -22*f - 213. Determine h(-10).
7
Let g(o) = -14*o + 112. Determine g(9).
-14
Let o(k) = -2*k**2 - 89*k - 42. What is o(-44)?
2
Let u(k) = k**2 - 17*k + 1. Determine u(17).
1
Let y(w) = -w**3 + 4*w**2 + 9*w - 15. Determine y(5).
5
Let t(z) = -11*z + 21. What is t(5)?
-34
Let g(w) = w**3 + 4*w**2 + 7*w + 17. Calculate g(-5).
-43
Let u(k) = -35*k + 200. What is u(6)?
-10
Let n(t) = t**2 + 6*t - 4. Calculate n(-4).
-12
Let o(w) = -3*w**2 + 2. Calculate o(2).
-10
Let r(i) = -48*i + 1636. Calculate r(34).
4
Let u(w) = 7*w - 128. Determine u(0).
-128
Let c(i) = i**3 + 8*i**2 + 9*i + 1. What is c(-6)?
19
Let t(h) = 63*h**3 + h**2 - h - 1. What is t(-1)?
-62
Let p(x) = -x**3 + 6*x**2 - 5*x + 7. Give p(5).
7
Let u(i) = -i**2 + 13*i - 25. What is u(8)?
15
Let q(s) = -2*s + 10. What is q(12)?
-14
Let m(b) = 33*b - 4. Determine m(2).
62
Let f(b) = 7*b + 1. What is f(1)?
8
Let b(w) = 15*w + 2. What is b(1)?
17
Let u(f) = f**3 - 14*f**2 + 17*f - 55. Give u(13).
-3
Let g(r) = -3*r**2 + 27*r - 1. Calculate g(11).
-67
Let f(m) = m**2 - 8. Give f(-4).
8
Let s(f) = -3*f - 1. Determine s(6).
-19
Let o(w) = -2*w - 5. What is o(8)?
-21
Let i(x) = x**2 + 15*x + 14. What is i(-1)?
0
Let o(h) = -h**2 + 9*h + 38. Determine o(13).
-14
Let g(c) = -70*c + 7. Give g(2).
-133
Let r(g) = -g**3 - 4*g**2 + 9*g + 10. Give r(-7).
94
Let d(i) = i**2 - 12*i - 3. Give d(11).
-14
Let w(n) = n + 68. Give w(6).
74
Let f(m) = m**3 + 6*m**2 - 5*m - 6. What is f(-5)?
44
Let u(o) = o**3 - 11*o**2 + 11*o - 6. Calculate u(8).
-110
Let r(w) = -w**3 - 13*w**2 + 14*w + 17. What is r(-14)?
17
Let o(f) = -2*f**2 - 25*f + 4. Determine o(-13).
-9
Let m(j) = 6*j - 10. Calculate m(-4).
-34
Let n(o) = -2*o - 10. Give n(-16).
22
Let k(r) = -2*r + 33. What is k(11)?
11
Let x(r) = 7*r - 7. What is x(4)?
21
Let b(n) = 3*n - 20. Determine b(8).
4
Let o(f) = 2*f**3 + 4. Calculate o(-2).
-12
Let s(f) = 4*f - 165. Give s(40).
-5
Let j(b) = b**2 + 27*b + 177. Give j(-11).
1
Let q(k) = k**2 - 12*k - 103. Determine q(15).
-58
Let v(f) = -47*f**2 + 2*f + 2. Give v(-1).
-47
Let h(n) = -n**2 - 12*n + 3. Calculate h(-10).
23
Let q(j) = -4*j**2 - 24*j - 5. What is q(-6)?
-5
Let q(g) = 3*g**2 + 3*g - 15. What is q(-7)?
111
Let k(n) = -n**3 - 5*n**2 + 4*n - 9. Calculate k(-6).
3
Let y(w) = -w + 1. What is y(-9)?
10
Let i(w) = -14*w - 226. What is i(-16)?
-2
Let v(a) = -24*a - 190. Calculate v(-8).
2
Let r(b) = b**3 + 2*b**2 - 4*b. What is r(2)?
8
Let x(d) = 12*d - 9. Determine x(-7).
-93
Let u(c) = -c**3 - 8*c**2 + 10*c + 5. Determine u(-9).
-4
Let b(u) = -u**3 - 9*u**2 - 4*u + 37. What is b(-8)?
5
Let g(c) = -c**3 + 15*c**2 - 33*c. What is g(6)?
126
Let l(b) = -b**3 + 3*b**2 - 4. What is l(3)?
-4
Let r(v) = 21*v + 219. Calculate r(-11).
-12
Let m(h) = -h**2 - 5*h - 5. Determine m(-5).
-5
Let t(m) = m**2 + m - 3. Give t(-2).
-1
Let z(j) = j**2 - 2*j + 28. What is z(0)?
28
Let q(a) = a - 12. What is q(17)?
5
Let l(j) = 4*j. Calculate l(-9).
-36
Let n(w) = w**3 + w**2 - 4*w + 6. Give n(-3).
0
Let a(b) = -b**3 - 6*b**2 - 4*b - 5. What is a(-5)?
-10
Let x(k) = k**3 - k**2 - k + 42. Determine x(0).
42
Let j(g) = -2*g**3 + g**2 - 2*g. Calculate j(2).
-16
Let w(t) = t**3 - 2*t**2 - 2*t + 3. Give w(3).
6
Let p(m) = -m**3 - 6*m**2 - 3*m - 1. Determine p(-4).
-21
Let a(h) = 44*h - 1754. What is a(40)?
6
Let g(o) = -15*o + 43. Determine g(4).
-17
Let x(r) = -6*r**3 - 166*r**2 + 58*r + 53. What is x(-28)?
-3
Let o(y) = y**3 - 9*y**2 - 7. Give o(9).
-7
Let x(g) = 32*g - 1752. Give x(55).
8
Let k(m) = -4*m + 51. Calculate k(15).
-9
Let f(n) = n**3 - 7*n**2 - 7*n - 3. Calculate f(8).
5
Let z(y) = -2*y**2 - 5*y - 1. What is z(-4)?
-13
Let p(a) = -6*a**3 + 2*a**2 - 3*a + 2. Calculate p(1).
-5
Let q(p) = -2*p**3 - 5*p**2 + 2*p - 3. Give q(-4).
37
Let d(b) = 4*b**2 - 5*b + 8. Calculate d(3).
29
Let t(h) = h**2 - 21*h + 55. Calculate t(18).
1
Let m(n) = n**3 + 16*n**2 - 20*n - 14. Give m(-17).
37
Let o(g) = -g**2 - 11*g - 9. Determine o(-8).
15
Let j(z) = z**3 - 7*z**2 - 3*z + 4. What is j(7)?
-17
Let d(w) = -3*w - 34. What is d(-2)?
-28
Let m(a) = -5*a + 30. Give m(11).
-25
Let f(c) = -2*c**2 + 3*c + 20. Give f(7).
-57
Let x(n) = -2*n - 65. Determine x(-26).
-13
Let q(w) = 3*w**2 + 4*w + 5. Give q(-4).
37
Let k(d) = -d**2 + 4*d + 15. Calculate k(11).
-62
Let q(j) = j**3 + 5*j**2 - 2*j + 2. Determine q(-6).
-22
Let m(h) = h**3 + h**2 + 3*h - 1. What is m(-3)?
-28
Let t(i) = -i**3 - 8*i**2 - i. What is t(-8)?
8
Let m(p) = -24*p**3 + p**2 - 1. Give m(1).
-24
Let p(o) = -2*o + 26. Give p(10).
6
Let x(v) = v**3 + v. Calculate x(-2).
-10
Let y(s) = s**2 + 28*s + 194. Determine y(-15).
-1
Let g(k) = -7*k + 10. Calculate g(-12).
94
Let l(t) = -9*t + 85. Calculate l(10).
-5
Let m(q) = q**3 - 13*q**2 + 23*q - 1. Determine m(11).
10
Let p(i) = -2*i - 8. Determine p(-5).
2
Let c(y) = 2*y + 6. Determine c(-6).
-6
Let j(l) = l**3 + 17*l**2 + 40*l - 11. Calculate j(-14).
17
Let v(y) = -y**2 + 13*y - 7. Give v(9).
29
Let o(f) = 5*f + 12. What is o(-9)?
-33
Let q(h) = -84*h - 416. Calculate q(-5).
4
Let v(t) = 39*t**3 - 1. Give v(-1).
-40
Let a(l) = -l**3 + 4*l**2 + 8. Give a(4).
8
Let k(d) = -d**3 + 9*d**2 + 10*d - 8. Give k(10).
-8
Let t(y) = 3*y**2 + 32*y + 87. Give t(-4).
7
Let p(r) = -2*r**2 + 38*r + 10. Give p(19).
10
Let r(p) = 9*p**2 + 1. Give r(1).
10
Let q(g) = -g**2 - 12*g - 23. Determine q(-4).
9
Let r(o) = -3*o + 32. Calculate r(0).
32
Let v(n) = n**3 + 3*n**2 + 2*n + 1. What is v(-2)?
1
Let q(p) = -2*p - 40. What is q(-26)?
12
Let y(x) = x**2 - 4*x + 12. Give y(11).
89
Let n(b) = b**2 - 2*b - 37. Determine n(7).
-2
Let d(w) = -w**2 + 13*w + 176. Calculate d(-9).
-22
Let u(h) = h + 27. What is u(-24)?
3
Let f(c) = 3*c**2 - 6*c + 11. Give f(3).
20
Let u(l) = 3*l + 25. Determine u(-10).
-5
Let i(d) = d - 2. What is i(5)?
3
Let t(b) = -3*b**2 - 3*b + 1. Give t(-2).
-5
Let b(w) = w**3 - 3*w**2 + 3. Calculate b(3).
3
Let c(n) = -12*n**2 - 2*n + 1. What is c(1)?
-13
Let s(n) = n**2 - n + 2. Calculate s(2).
4
Let h(m) = m**2 - 8*m + 6. Determine h(4).
-10
Let n(g) = -g - 4. What is n(-7)?
3
Let d(l) = l**3 - 35*l**2 - 40*l + 71. Give d(36).
-73
Let c(r) = r**3 - 4*r**2 - 57*r + 18. What is c(-6)?
0
Let p(f) = f**2 - 10*f + 20. What is p(9)?
11
Let k(d) = -d**2 - 32*d - 5. Determine k(-14).
247
Let y(s) = -s**3 - 12*s**2 - s - 15. Give y(-12).
-3
Let r(i) = -i**3 - 7*i**2 + 7*i + 1. Give r(-8).
9
Let p(a) = a**3 - 15*a**2 - 21. Determine p(15).
-21
Let a(t) = t**3 - 4*t**2 - 4*t - 3. Give a(-2).
-19
Let z(t) = -14*t**2 + 12*t - 7. Calculate z(3).
-97
Let b(d) = 6*d - 1. Give b(5).
29
Let s(b) = 7*b**2 - 2*b - 3. Calculate s(-1).
6
Let r(x) = 3*x**2 - x - 1. Give r(-1).
3
Let c(w) = -w**2 - 10*w + 51. Give c(-14).
-5
Let d(j) = -6*j. What is d(7)?
-42
Let p(b) = -b**3 + 2*b**2 - 5*b - 2. Determine p(-2).
24
Let d(l) = -l + 2. What is d(-1)?
3
Let u(d) = -d**2 + 26*d - 137. Determine u(7).
-4
Let k(f) = f**3 - 11*f**2 + 13*f +